r?
True
Is 939119 a prime number?
True
Is 200356241 prime?
False
Is 565373 composite?
True
Is 1132379627 composite?
False
Is 542741 prime?
False
Is 47159531 a composite number?
False
Is 67417849 a composite number?
False
Is 266740241 a composite number?
False
Is 13951739 a prime number?
True
Is 204423 a composite number?
True
Is 57779347 composite?
True
Is 972936449 a prime number?
True
Is 16635713 a prime number?
True
Is 3298297 prime?
True
Is 81583703 composite?
True
Is 389507 composite?
False
Is 17571481 a prime number?
False
Is 16917863 prime?
False
Is 5425781 composite?
True
Is 188537 a prime number?
False
Is 300245815 composite?
True
Is 1864567 prime?
True
Is 6108334 a prime number?
False
Is 142924907 composite?
False
Is 860413 a prime number?
True
Is 7362767 a prime number?
True
Is 10534661 a composite number?
False
Is 16047271 composite?
True
Is 793703 a prime number?
False
Is 28723993 a prime number?
True
Is 119631233 a composite number?
False
Is 8842787 a prime number?
False
Is 12293999 composite?
True
Is 40459951 prime?
False
Is 34533185 a composite number?
True
Is 9470969 a composite number?
False
Is 1775700141 a composite number?
True
Is 56317857 a composite number?
True
Is 19989643 a composite number?
True
Is 7350313 a prime number?
True
Is 45016193 prime?
True
Is 5551529 a composite number?
False
Is 10551977 a prime number?
True
Is 442721 composite?
False
Is 230211461 a composite number?
True
Is 9881671 composite?
False
Is 502969 prime?
False
Is 9394991 prime?
False
Is 760573 a prime number?
False
Is 23186297 composite?
False
Is 4512449 a composite number?
False
Is 1589771 a composite number?
False
Is 18626957 composite?
False
Is 2094683 composite?
False
Is 404683 a prime number?
False
Is 450491 a prime number?
False
Is 12168727 a prime number?
True
Is 33777851 a composite number?
False
Is 47028899 prime?
True
Is 836673251 a composite number?
False
Is 50537579 prime?
True
Is 1585093 composite?
False
Is 656137 prime?
False
Is 66517123 a prime number?
True
Is 18948247 composite?
True
Is 16087 a composite number?
False
Is 776297 prime?
False
Is 62302259 composite?
False
Is 8083371 a prime number?
False
Is 177770861 a prime number?
False
Is 4266083 a composite number?
True
Is 1009219 a prime number?
False
Is 121024229 prime?
False
Is 26315885 a prime number?
False
Is 77940481 composite?
False
Is 51468229 prime?
True
Is 133431757 composite?
False
Is 3219181 a prime number?
False
Is 64393019 prime?
False
Is 8304773 composite?
False
Is 16924489 a composite number?
False
Is 792945239 a composite number?
False
Is 10752267 a composite number?
True
Is 7837469 prime?
True
Is 8898749 prime?
True
Is 343019 a prime number?
True
Is 51976583 prime?
True
Is 7714963 a composite number?
False
Is 37886207 a prime number?
True
Is 34149 composite?
True
Is 292796473 a prime number?
False
Is 262669 composite?
True
Is 1012956421 prime?
True
Is 16215127 a composite number?
True
Is 32875373 prime?
True
Is 82529 prime?
True
Is 16440161 a prime number?
True
Is 4775413 composite?
False
Is 14969 composite?
False
Is 254995133 a composite number?
False
Is 739959191 a prime number?
True
Is 149860082 a prime number?
False
Is 29256449 prime?
False
Is 2310686305 a composite number?
True
Is 6709783 composite?
False
Is 915958187 composite?
True
Is 559469627 prime?
False
Is 722438 prime?
False
Is 148481 a prime number?
False
Is 45337177 a prime number?
False
Is 66347881 prime?
False
Is 1352701 a prime number?
False
Is 66869963 composite?
True
Is 164924549 a composite number?
False
Is 138911557 a composite number?
True
Is 9611491 a composite number?
False
Is 163718131 a prime number?
True
Is 2655481 composite?
False
Is 1282679 composite?
True
Is 110913163 composite?
False
Is 24294757 a prime number?
True
Is 28853179 a composite number?
False
Is 3970115 a composite number?
True
Is 146663061 composite?
True
Is 169978261 composite?
True
Is 417239 a composite number?
False
Is 57337591 prime?
True
Is 88606345 a composite number?
True
Is 56428061 composite?
False
Is 7202621 prime?
True
Is 400509761 a composite number?
False
Is 872038595 a prime number?
False
Is 849739 composite?
True
Is 28868491 a prime number?
False
Is 1751989 composite?
True
Is 192707959 a prime number?
True
Is 3743819 a composite number?
True
Is 175773721 a composite number?
False
Is 13327469 a composite number?
False
Is 34536419 composite?
True
Is 6338333 composite?
False
Is 12019947 composite?
True
Is 38292767 a composite number?
False
Is 1382891 a prime number?
True
Is 2060749 composite?
False
Is 189284483 a composite number?
True
Is 738859 prime?
False
Is 20054161 a prime number?
False
Is 3701701 composite?
False
Is 93003653 prime?
True
Is 34514693 prime?
True
Is 938878831 composite?
True
Is 553961 prime?
True
Is 42739 composite?
True
Is 1407823 a composite number?
False
Is 38306393 composite?
False
Is 10177589 prime?
True
Is 40070177 prime?
False
Is 9052691 a prime number?
True
Is 19169641 composite?
False
Is 635587 a composite number?
True
Is 5465039 a prime number?
True
Is 8526247 prime?
True
Is 14104057 prime?
False
Is 61860559 composite?
True
Is 6970811 composite?
False
Is 17062345 a prime number?
False
Is 1540613 composite?
True
Is 1942519 prime?
True
Is 4813453 a composite number?
True
Is 10299011 a composite number?
False
Is 675989 prime?
False
Is 2938951 prime?
True
Is 245634073 a composite number?
False
Is 7102723 a composite number?
True
Is 1861213 composite?
True
Is 4725823 a prime number?
False
Is 417723 prime?
False
Is 28522735 prime?
False
Is 14373167 composite?
True
Is 4177889 prime?
False
Is 3714859 a composite number?
False
Is 1693117 composite?
True
Is 133571 a prime number?
True
Is 823223 prime?
False
Is 318255767 composite?
False
Is 2854057 a composite number?
True
Is 1067687 a prime number?
True
Is 1102937 prime?
False
Is 4388971 composite?
False
Is 96153 a composite number?
True
Is 34826371 a prime number?
True
Is 65277829 prime?
True
Is 1591697 composite?
False
Is 2125439 a prime number?
False
Is 328002113 prime?
False
Is 37606421 a prime number?
True
Is 15951707 composite?
False
Is 154609523 prime?
True
Is 62068595 prime?
False
Is 20369 prime?
True
Is 7758937 a composite number?
True
Is 5375831 prime?
True
Is 717571 prime?
False
Is 115653137 prime?
False
Is 2019454 a composite number?
True
Is 52751807 prime?
True
Is 29122261 prime?
False
Is 49907777 composite?
False
Is 66167581 prime?
False
Is 3808001 a composite number?
False
Is 663271897 prime?
False
Is 19242319 a prime number?
False
Is 202410737 a prime number?
True
Is 781553 a composite number?
True
Is 2100511 a prime number?
False
Is 85601759 prime?
True
Is 976081 a composite number?
True
Is 113127787 composite?
False
Is 47043097 composite?
True
Is 49599157 a composite number?
False
Is 279065681 prime?
True
Is 62184467 composite?
False
Is 74773 a composite number?
True
Is 70205107 composite?
True
Is 1474358 a composite number?
True
Is 2915893 composite?
False
Is 15274033 a prime number?
False
Is 13636277 composite?
False
Is 315893 prime?
True
Is 15602201 a prime number?
True
Is 4208857 a prime number?
False
Is 1835501 a prime number?
True
Is 172788433 prime?
False
Is 2169967 prime?
True
Is 67939 prime?
True
Is 48959 composite?
True
Is 2117959 composite?
True
Is 44104981 composite?
False
Is 5780087 a prime number?
True
Is 17883721 a composite number?
False
Is 3489791 a prime number?
False
Is 430259 composite?
False
Is 838001 a prime number?
False
Is 845357699 a composite number?
True
Is 399571 composite?
False
Is 1533503 prime?
True
Is 5890397 prime?
True
Is 225560917 a composite number?
True
Is 140263697 a composite number?
True
Is 15812629 a composite number?
True
Is 20112653 composite?
True
Is 53939 a composite number?
False
Is 161177689 prime?
True
Is 1010414885 a composite number?
True
Is 5601061 composite?
False
Is 125895307 prime?
False
Is 643403 a prime number?
True
Is 78868527 composite?
True
Is 99855827 prime?
False
Is 193642133 prime?
True
Is 60888137 prime?
False
Is 66567329 a prime number?
False
Is 3835627 a prime number?
False
Is 15693479 a prime number?
True
Is 240410813 prime?
True
Is 332936983 a composite number?
True
Is 8812207 composite?
False
Is 4344851 a composite number?
True
Is 2570789 prime?
Fal